 = -q**3 + 41*q**2 - 670*q + 38247. Calculate c(45).
-3
Let f(q) = 28*q**2 - 864*q + 2078. Calculate f(28).
-162
Let k(u) = u**3 - 21*u**2 + 8106*u - 170234. Give k(21).
-8
Let d(l) = 44*l**3 - 4499*l**2 + 1124*l - 238. What is d(102)?
-34
Let y(z) = -229*z - 40306. Calculate y(-213).
8471
Let p(k) = 2*k**2 - 59243*k + 355378. Determine p(6).
-8
Let u(v) = 9734*v - 135478. What is u(14)?
798
Let g(n) = 6551*n + 288256. Give g(-44).
12
Let k(d) = d**3 - 354*d**2 - 7486*d + 1882. Determine k(374).
-362
Let c(k) = -k**3 + 34*k**2 - 200*k - 566. What is c(11)?
17
Let w(a) = a**3 + 129*a**2 + 353*a - 3248. Give w(-126).
-98
Let u(h) = h**2 + 2496*h - 55393. Give u(22).
3
Let r(j) = 11*j**3 + 48*j**2 - 47*j - 2. Give r(1).
10
Let i(z) = -3753*z - 48428. Calculate i(-13).
361
Let s(c) = 4*c**2 - 748*c + 31657. Give s(65).
-63
Let m(y) = -25*y - 1049. Determine m(22).
-1599
Let r(n) = 2*n**2 + 77*n - 20575. What is r(84)?
5
Let f(l) = 36591*l + 3585933. Determine f(-98).
15
Let l(b) = -12*b**3 + 126*b**2 - 110*b + 25. What is l(9)?
493
Let f(u) = -4*u**3 + 28*u**2 + 350*u + 24. Determine f(-6).
-204
Let l(h) = -5*h**2 + 201*h + 782. Calculate l(46).
-552
Let g(w) = w**3 - 13*w**2 - 857*w + 7979. Determine g(9).
-58
Let i(v) = 7*v**2 - 303*v - 1261. Determine i(-4).
63
Let g(s) = -s**3 + 2*s**2 + 106*s - 99. Determine g(10).
161
Let v(h) = -1115*h**3 - 11*h**2 + 24*h - 6. Give v(2).
-8922
Let j(x) = 152994*x - 458974. Give j(3).
8
Let f(d) = 2*d**3 + 38*d**2 - 88*d + 22. Calculate f(-21).
106
Let i(n) = -6*n**2 - 156*n + 493. Give i(-30).
-227
Let t(o) = -7854*o - 63078. Give t(-8).
-246
Let q(p) = 608*p**2 - 17019*p - 142. What is q(28)?
-2
Let j(v) = -481*v**2 + 981*v + 975. Determine j(-1).
-487
Let g(k) = 151*k**2 + 6939*k + 38. Calculate g(-46).
360
Let c(s) = -2*s**2 - 12419*s - 161153. Give c(-13).
-44
Let a(c) = -13*c**2 + 2794*c - 67824. What is a(187)?
57
Let c(j) = j**3 + 38*j**2 + 293*j - 483. Calculate c(-26).
11
Let c(n) = 165*n - 25026. Give c(152).
54
Let g(k) = -k**2 + 22682*k + 294955. Give g(-13).
-80
Let h(q) = -25153*q - 779706. Determine h(-31).
37
Let z(j) = -9*j**3 - 4922*j**2 + 538*j - 4926. Give z(-547).
-3
Let c(j) = -j**2 + 46*j + 40136. Calculate c(-179).
-139
Let w(f) = f**2 - 306*f - 33323. Calculate w(-85).
-88
Let q(i) = 6*i**2 + 1309*i + 59308. What is q(-154)?
18
Let a(l) = l**3 + 40*l**2 - 1369*l - 183. What is a(22)?
-293
Let a(c) = 2*c**2 + 54*c + 342. What is a(-9)?
18
Let i(m) = m**3 - 12973*m**2 + 90755*m + 40. Give i(7).
-9
Let v(i) = -i**3 + 25*i**2 - 53*i - 34. Calculate v(4).
90
Let h(g) = -300*g - 29967. Calculate h(-103).
933
Let m(r) = -1223284*r + 6116412. What is m(5)?
-8
Let x(d) = -2*d**3 - 73*d**2 - 17*d - 19. Determine x(-36).
-703
Let s(d) = -6*d**2 + 2490*d - 14729. Give s(409).
-5
Let b(q) = -q**2 + 1364*q + 126240. Give b(-87).
3
Let x(h) = -3*h**2 - 761*h - 5629. Calculate x(-246).
29
Let w(s) = -62421*s + 124845. Give w(2).
3
Let k(y) = -5*y**3 - 2468*y**2 + 7452*y - 5. Calculate k(3).
4
Let b(u) = -u**3 - 224*u**2 - 117*u - 25940. Give b(-224).
268
Let z(a) = 858*a - 8572. What is z(10)?
8
Let n(t) = 10*t**3 - 1413*t**2 + 3194*t + 406. Calculate n(139).
-11
Let t(u) = 45*u + 228. What is t(-1)?
183
Let c(n) = n**2 + 137*n - 6345. Give c(37).
93
Let r(y) = -191533*y - 1149203. Determine r(-6).
-5
Let h(x) = -5*x**2 + 8*x - 4. Determine h(-1).
-17
Let b(y) = -y**3 + 14*y**2 - 320*y + 4358. What is b(13)?
367
Let w(q) = 664*q + 145. Give w(1).
809
Let q(l) = -4319*l**2 - 35318*l - 6120. Give q(-8).
8
Let f(y) = -315*y - 15674. Determine f(-51).
391
Let p(o) = 1399*o - 142374. Give p(102).
324
Let v(s) = 86*s + 1632. Give v(-17).
170
Let c(r) = -r**2 - 12401*r - 543713. Determine c(-44).
-5
Let d(i) = -i**3 + 247*i**2 - 1814*i - 23420. Determine d(239).
2
Let d(j) = -136339*j + 77. Give d(0).
77
Let f(d) = -370*d + 55116. What is f(149)?
-14
Let y(m) = -m**3 + 17*m**2 + 40799*m - 653033. Determine y(16).
7
Let h(j) = 3*j**3 - 14*j**2 - 48*j + 54. What is h(8)?
310
Let d(u) = 59*u**2 - 1619*u + 53. Give d(28).
977
Let x(t) = 1990769*t + 19907687. Determine x(-10).
-3
Let j(k) = 110880*k - 29161445. Give j(263).
-5
Let l(s) = s**3 - 98*s**2 + 2082*s + 108. Calculate l(34).
-3088
Let h(u) = u**3 + 103*u**2 + 484*u + 39011. Calculate h(-102).
47
Let d(a) = -2*a**3 - 215*a**2 + 1047*a - 618. Calculate d(4).
2
Let u(p) = 189*p**2 + 4801*p + 1915. Give u(-25).
15
Let k(z) = 9*z**2 + 968*z - 2594. What is k(-110)?
-174
Let o(r) = 2*r**2 - 51*r + 1032. Determine o(20).
812
Let l(x) = -11*x**3 + 164*x**2 - 9*x + 42. Determine l(15).
-318
Let s(v) = 14*v**3 - 392*v**2 - 108*v + 3039. Calculate s(28).
15
Let p(i) = 84039*i - 840383. Determine p(10).
7
Let d(z) = z**3 - 43*z**2 - 27*z - 115. What is d(44)?
633
Let o(f) = -631*f**2 - 3158*f - 12. What is o(-5)?
3
Let q(y) = -y**3 - 38*y**2 + 598*y - 3338. What is q(-51)?
-23
Let k(t) = 19694*t + 728683. Determine k(-37).
5
Let v(k) = -33336*k + 12601015. What is v(378)?
7
Let f(x) = -602*x - 24770. Calculate f(-41).
-88
Let w(n) = -5*n**3 - 5*n**2 - 2034*n - 2031. Calculate w(-1).
3
Let d(k) = -11*k**3 + 375*k**2 + 463*k - 16901. Determine d(34).
-3
Let w(r) = -44553*r**2 + 267275*r + 248. Calculate w(6).
-10
Let n(z) = -90*z + 288. Determine n(10).
-612
Let r(y) = -3049*y + 310994. Give r(102).
-4
Let t(h) = 2*h**3 + 28*h**2 - 29027*h - 377699. What is t(-13)?
-10
Let c(v) = v**3 - 24*v**2 - 1629*v - 98. What is c(-30)?
172
Let w(k) = -2*k**3 - 2*k**2 - k - 1783. What is w(0)?
-1783
Let r(y) = 1388083*y - 2776182. Calculate r(2).
-16
Let u(b) = -248*b - 37586. What is u(-154)?
606
Let g(t) = t**3 + 91*t**2 - 11269*t - 66. Calculate g(70).
4
Let l(a) = -27829*a - 83502. Give l(-3).
-15
Let w(z) = -z**2 - 525*z + 1587. Determine w(3).
3
Let u(o) = -4*o**3 - 311*o**2 + 64*o - 1109. Determine u(-78).
-17
Let h(g) = g**3 + 41*g**2 + 77*g - 405. What is h(-39)?
-366
Let h(p) = -35*p**2 + 1912*p + 552. Determine h(55).
-163
Let m(r) = 74716*r + 522377. Determine m(-7).
-635
Let n(w) = w**3 + 123*w**2 + 113*w - 1108. Give n(-122).
-10
Let r(g) = -1276*g + 3971. Calculate r(3).
143
Let o(c) = 4*c**2 + 2725*c + 245783. Calculate o(-107).
4
Let r(b) = -b**2 - 2296*b + 456363. Calculate r(184).
43
Let j(g) = 7287*g - 429875. What is j(59)?
58
Let s(o) = -o**2 + 1575*o. What is s(0)?
0
Let x(v) = -v**2 + 20733*v + 311198. Calculate x(-15).
-22
Let w(m) = -m**3 + 2*m**2 - 194*m - 985. Determine w(-5).
160
Let l(v) = v**2 + 3425*v + 651035. What is l(-202)?
-11
Let r(b) = 4*b**3 - 59*b**2 - 156*b + 35. What is r(17)?
-16
Let c(s) = 5096*s**2 + 229331*s + 490. Determine c(-45).
-5
Let u(f) = 159*f - 1845. What is u(9)?
-414
Let a(b) = -949*b - 15072. What is a(-16)?
112
Let g(a) = a**2 + 47155*a + 377180. Determine g(-8).
4
Let m(o) = -6*o**3 + 165*o**2 + 973*o - 29. Calculate m(-5).
-19
Let t(z) = -2884*z - 458511. What is t(-159)?
45
Let p(m) = -4385*m + 2148617. Calculate p(490).
-33
Let a(c) = -c**2 + 61*c - 1135. Determine a(27).
-217
Let n(l) = -2*l**2 + 158*l + 29311. Give n(167).
-81
Let w(g) = g**2 + 14*g - 32332. What is w(-187)?
19
Let i(a) = a**3 + 31*a**2 + 374*a + 8112. What is i(-28)?
-8
Let a(q) = 7805*q**2 + 70281*q + 82. What is a(-9)?
-242
Let x(r) = -2815*r + 160197. Calculate x(57).
-258
Let x(s) = s**2 - 16174*s + 48513. Determine x(3).
0
Let x(n) = 38*n**3 + 57*n**2 + 22*n - 14. Give x(0).
-14
Let y(i) = -3908*i + 222791. Determine y(57).
35
Let z(j) = j**2 + 95*j - 32879. Determine z(140).
21
Let d(a) = 119*a**2 - 1288*a + 3245. What is d(4)?
-3
Let q(f) = 3*f**2 - 4307*f - 25952. Calculate q(-6).
-2
Let k(s) = -3007827*s - 18046950. What is k(-6)?
12
Let j(z) = 20*z**2 - 1261*z - 3854. Give j(-3).
109
Let x(d) = 15*d**2 + 165*d - 12. Determine x(1).
168
Let t(o) = -2*o**2 - 390*o - 12246. What is t(-39)?
-78
Let g(z) = -40991*z + 327975. What is g(8)?
47
Let f(a) = -a**3 + 363*a**2 - 1435*a + 40. Determine f(359).
399
Let s(y) = 2*y**2 - 3450*y - 300123. What is s(-83)?
5
Let d(u) = -26*u**3 + 547*u**2 + 853*u - 18358. What is d(21)?
-4
Let m(n) = -n**3 + 41*n**2 - 84*n + 227. Give m(39).
-7
Let d(r) = -16528*r - 6611204. What is d(-400)?
-4
Let b(t) = 115*t + 17657. Give b(-125).
3282
Let h(o) = -18266*o - 127519. What is h(-7)?
343
Let x(m) = 